{"id":7,"date":"2017-12-19T15:18:50","date_gmt":"2017-12-19T15:18:50","guid":{"rendered":"https:\/\/teamrevision.dk\/?page_id=7"},"modified":"2026-01-08T16:40:54","modified_gmt":"2026-01-08T15:40:54","slug":"home","status":"publish","type":"page","link":"https:\/\/teamrevision.dk\/","title":{"rendered":"Forside"},"content":{"rendered":"<p>Team Revision er en mindre revisions- og konsulentvirksomhed som l\u00e6gger v\u00e6gt p\u00e5 gode relationer.<\/p>\n<p>Keep it simple er vores grundholdning og vores kunder roser os for det.<\/p>\n<p>Vi har sat et godt team af medarbejdere, der kan r\u00e5dgive dig og din virksomhed.<\/p>\n<p>Ring direkte til Anders Chr. Gejlager p\u00e5 33 15 07 77 for en uforpligtende samtale.<\/p>\n","protected":false},"excerpt":{"rendered":"<p>Team Revision er en mindre revisions- og konsulentvirksomhed som l\u00e6gger v\u00e6gt p\u00e5 gode relationer. Keep it simple er vores grundholdning og vores kunder roser os for det. Vi har sat &#8230;<\/p>\n","protected":false},"author":1,"featured_media":0,"parent":0,"menu_order":0,"comment_status":"closed","ping_status":"closed","template":"","meta":{"footnotes":""},"_links":{"self":[{"href":"https:\/\/teamrevision.dk\/index.php?rest_route=\/wp\/v2\/pages\/7"}],"collection":[{"href":"https:\/\/teamrevision.dk\/index.php?rest_route=\/wp\/v2\/pages"}],"about":[{"href":"https:\/\/teamrevision.dk\/index.php?rest_route=\/wp\/v2\/types\/page"}],"author":[{"embeddable":true,"href":"https:\/\/teamrevision.dk\/index.php?rest_route=\/wp\/v2\/users\/1"}],"replies":[{"embeddable":true,"href":"https:\/\/teamrevision.dk\/index.php?rest_route=%2Fwp%2Fv2%2Fcomments&post=7"}],"version-history":[{"count":15,"href":"https:\/\/teamrevision.dk\/index.php?rest_route=\/wp\/v2\/pages\/7\/revisions"}],"predecessor-version":[{"id":110,"href":"https:\/\/teamrevision.dk\/index.php?rest_route=\/wp\/v2\/pages\/7\/revisions\/110"}],"wp:attachment":[{"href":"https:\/\/teamrevision.dk\/index.php?rest_route=%2Fwp%2Fv2%2Fmedia&parent=7"}],"curies":[{"name":"wp","href":"https:\/\/api.w.org\/{rel}","templated":true}]}}